{"text_format":"1","workbook":"xlsx","n_sheets":9,"sheets":["Instructions","General","C1 - Genuine and Specialised","C2 - Limited","C3 - Governance","Courses & Commencements","Validation (Do not use)","Funded Course List (Do not use)","Sheet1"],"not_rendered":{"charts":0,"images":18,"macros":1,"external_links":0,"defined_names":5,"comments":0,"pivot_tables":0},"unopened":[],"bounds":{"document_bytes":16777216,"sheet_cells":100000,"rows_first":2000,"rows_last":500,"rows_between":2000,"halvings":0,"cell_chars":16384,"cell_head_chars":4096},"cells_cut":0,"cells_raw":0,"read":"whole","date_system":"1900"}

{"sheet":"Instructions","index":0,"n_rows":1,"n_cols":1,"rows_kept":1,"cut":false,"hidden":false,"merged":[[0,0,34,22]]}
["To complete this application you must complete all PURPLE tabs:\n\n1. General tab\n2. C1 - Genuine  and Specialised tab\n3. C2 - Limited tab\n4. C3 - Governance tab\n5. Courses and commencements tab\n\nYou will need to click \"Enable Content\" for the form to work correctly\n\nPlease submit this form along with a scanned copy of the completed ‘Subcontractor’s Declaration – 2020’ form (available in the Documents section of SVTS) signed by the CEO or Authorised Delegate of the proposed subcontractor via an SVTS Enquiry. Please use the Enquiry subject header 'Skills First VET Funding Contract - Subcontracting of Training Services'.\n\nFor further information and guidance about how to complete a subcontracting application, please refer to:\n- Contract Notification 2019-21 (available the Memos section of SVTS); and  \n- the Fact Sheet 'Subcontracting of Training and Assessment: 2020 request for approval'  (available in the Documents Section of SVTS).\n"]

{"sheet":"General","index":1,"n_rows":18,"n_cols":6,"rows_kept":18,"cut":false,"hidden":false,"merged":[[0,5,0,6],[9,4,11,4],[12,5,12,6],[13,5,13,6],[14,5,14,6],[13,0,15,0],[13,1,15,1],[1,4,2,6],[3,5,3,6],[4,5,4,6],[5,5,6,6],[7,5,8,6],[11,0,12,1],[5,0,7,0],[5,4,6,4],[7,4,8,4],[1,0,2,2],[3,1,3,2],[4,1,4,2],[8,1,8,2],[9,1,9,2]]}
[]
["Your Training Provider",null,null,null,"Proposed Subcontractor"]
[]
["Your Training Provider's TOID:",null,null,null,"Proposed subcontractor organisation name:"]
["Your Training Provider's Legal Name",null,null,null,"Proposed subcontractor ABN (number without spaces)"]
["NAME OF AUTHORISED DELEGATE:  An Authorised Delegate is the Training Provider’s CEO, or equivalent, or a staff member who has been given express delegation to sign the declaration on the CEO’s behalf.","Title",null,null,"Is the proposed subcontractor a Registered Training Provider?   (yes/no)"]
[null,"First Name"]
[null,"Last Name",null,null,"If the proposed subcontractor organisation is a Registered Training Provider, provide the TOID: "]
["Your Training Provider's Authorised Delegate's Position:"]
["Your Training Provider's Contact Phone Number: ",null,null,null,"Proposed subcontractor key contact name:","Title"]
[null,null,null,null,null,"First Name"]
[" Declaration of Training Provider Authorised Delegate",null,null,null,null,"Last Name"]
[null,null,null,null,"Proposed subcontractor key contact job title:"]
["By inserting an “X” in the box to the right, I, the Training Provider Authorised Delegate, declare that I have read and understood that my Training Provider’s obligations under its VET Funding Contract are never diminished where services are subcontracted (Clause 6.11(c)) and I confirm that I will maintain appropriate governance and oversight to support these obligations. I warrant that, having completed my own due diligence, the proposed subcontractor has sufficient expertise and capacity to support my Training Provider to meet its obligations under its VET Funding Contract.",null,null,null,"Proposed subcontractor key contact phone number"]
[null,null,null,null,"Proposed subcontractor website"]
[]
["By inserting an \"X\" in the box to the right, I, the Training Provider's Authorised Delegate, declare that:\n- the information provided in this form is true and correct,\n- that I have reviewed the information provided by the proposed subcontractor via the ‘Subcontractor’s Declaration – 2020’ form and can confirm that, to the best of my knowledge, it is true and correct, and\n- I understand that the Department has absolute discretion in approving, approving in part, or not approving this subcontracting application.\n"]
["Date of Declaration:",null,"20/11/2019"]

{"sheet":"C1 - Genuine and Specialised","index":2,"n_rows":41,"n_cols":13,"rows_kept":41,"cut":false,"hidden":false,"merged":[[42,1,49,10],[42,12,49,21],[3,0,3,21],[30,12,31,21],[40,1,41,10],[40,12,41,21],[10,0,49,0],[12,1,19,10],[12,12,19,21],[22,1,29,10],[22,12,29,21],[32,1,39,10],[32,12,39,21],[10,1,11,10],[20,1,21,10],[20,12,21,21],[10,12,11,21],[30,1,31,10],[5,1,8,10],[5,12,8,21],[0,0,0,1],[1,0,1,1],[0,2,0,3],[1,2,1,3],[5,0,8,0]]}
["Training Provider TOID",null,{"$f":"IF(General!B4 >0, General!B4, \"\")","v":""}]
["Subcontractor ABN",null,{"$f":"IF(General!F5 >0, General!F5, \"\")","v":""}]
[]
["Criterion 1 - Genuine and Specialised"]
[]
["Question","Question 1: How does the proposed subcontracting arrangement address a critical need and/or existing labour market demand for the training?",null,null,null,null,null,null,null,null,null,null,"Question 2: Why can’t the proposed training and assessment for subcontracting be delivered directly by the Training Provider? Please provide details in the relevant section(s) below about\na) why your organisation can't deliver the training\nb) how the subcontractor will address this need"]
[]
[]
[]
[]
["RTO Response (please ensure you address each aspect of the criterion)","What is the critical need and/or existing labour market demand for the training?",null,null,null,null,null,null,null,null,null,null,"What are the capacity issues affecting your organisation's ability to deliver the training, and how will this be addressed by the subcontractor?"]
[]
[]
[]
[]
[]
[]
[]
[]
[]
[null,"How does the proposed training delivery address this critical need or demand?",null,null,null,null,null,null,null,null,null,null,"What are the specialist skills/experience your organisation lacks and how will this be addressed by the subcontractor? Include relevant skills and qualifications of the subcontractor."]
[]
[]
[]
[]
[]
[]
[]
[]
[]
[null,"What career pathways or job opportunities would the proposed training delivery provide for students? Please provide supporting evidence such as letters from employers or industry engagement",null,null,null,null,null,null,null,null,null,null,"What infrastructure does your organisation lack, and how will this be addressed by the subcontractor?"]
[]
[]
[]
[]
[]
[]
[]
[]
[]
[null,"Are there any other relevant details?",null,null,null,null,null,null,null,null,null,null,"Are there any other limitations on your organisation delivering the training, and how will these be addressed by the subcontractor?"]

{"sheet":"C2 - Limited","index":3,"n_rows":41,"n_cols":13,"rows_kept":41,"cut":false,"hidden":false,"merged":[[22,12,29,21],[20,12,21,21],[12,12,19,21],[10,12,11,21],[30,12,31,21],[32,12,39,21],[40,1,41,10],[40,12,41,21],[42,1,49,10],[42,12,49,21],[10,0,49,0],[10,1,11,10],[12,1,19,10],[20,1,21,10],[22,1,29,10],[30,1,31,10],[32,1,39,10],[5,0,8,0],[5,1,8,10],[5,12,8,21],[0,0,0,1],[0,2,0,3],[1,0,1,1],[1,2,1,3],[3,0,3,21]]}
["Training Provider TOID",null,{"$f":"IF(General!B4 >0, General!B4, \"\")","v":""}]
["Subcontractor ABN",null,{"$f":"IF(General!F5 >0, General!F5, \"\")","v":""}]
[]
["Criterion 2 - Limited"]
[]
["Question","Question 3: What is the student cohort your organisation is targeting? Please provide details in the relevant sections below.",null,null,null,null,null,null,null,null,null,null,"Question 4:  How will the delivery of the program be limited? Applications for delivery of an entire program by a subcontractor will only be approved where there are exceptional circumstances and approval would be in the interests of students"]
[]
[]
[]
[]
["RTO Response (please ensure you address each aspect of the criterion)","What are the characteristics of the student cohort?",null,null,null,null,null,null,null,null,null,null,"Will the delivery of the program be shared between the subcontractor and your organisation? Please provide details below. "]
[]
[]
[]
[]
[]
[]
[]
[]
[]
[null,"What is the anticipated size of the student cohort, and why?",null,null,null,null,null,null,null,null,null,null,"If the delivery of the program will not be shared between the subcontractor and your organisation, provide details about why there are exceptional circumstances and why approval would be in the interests of students."]
[]
[]
[]
[]
[]
[]
[]
[]
[]
[null,"When do you anticipate the training will be delivered, and why?",null,null,null,null,null,null,null,null,null,null,"Will the delivery be limited to a specific region or area? If yes, provide details."]
[]
[]
[]
[]
[]
[]
[]
[]
[]
[null,"Are there any other relevant details?",null,null,null,null,null,null,null,null,null,null,"Are there any other relevant details?"]

{"sheet":"C3 - Governance","index":4,"n_rows":41,"n_cols":3,"rows_kept":41,"cut":false,"hidden":false,"merged":[[42,1,49,10],[3,0,3,10],[22,1,29,10],[30,1,31,10],[32,1,39,10],[5,0,8,0],[5,1,8,10],[10,0,49,0],[10,1,11,10],[12,1,19,10],[20,1,21,10],[0,0,0,1],[0,2,0,3],[1,0,1,1],[1,2,1,3],[40,1,41,10]]}
["Training Provider TOID",null,{"$f":"IF(General!B4 >0, General!B4, \"\")","v":""}]
["Subcontractor ABN",null,{"$f":"IF(General!F5 >0, General!F5, \"\")","v":""}]
[]
["Criterion 3 - Governance"]
[]
["Question","Question 5: How will your organisation ensure appropriate oversight and control over the subcontractor?"]
[]
[]
[]
[]
["RTO Response (please ensure you address each aspect of the criterion)","What is the frequency and mode of contact with the subcontractor?"]
[]
[]
[]
[]
[]
[]
[]
[]
[]
[null,"How will the quality of training services delivered by the subcontractor be monitored?"]
[]
[]
[]
[]
[]
[]
[]
[]
[]
[null,"How will data about the subcontractor's delivery of training services be collected and validated?"]
[]
[]
[]
[]
[]
[]
[]
[]
[]
[null,"What procedures will be implemented to ensure accurate and consistent reporting of subcontracted delivery of training services"]

{"sheet":"Courses & Commencements","index":5,"n_rows":67,"n_cols":33,"rows_kept":67,"cut":false,"hidden":false,"merged":[[0,0,0,1],[15,8,15,14],[18,6,37,6],[0,2,0,3],[1,0,1,1],[1,2,1,3],[3,0,13,14],[16,0,16,2],[16,8,16,10],[0,12,2,13],[0,14,2,14],[15,0,15,6],[16,3,16,6],[16,11,16,14],[18,14,37,14],[18,8,37,8],[66,3,85,3],[66,8,85,8],[63,0,63,6],[63,8,63,14],[39,0,39,6],[39,8,39,14],[66,9,85,9],[66,10,85,10],[66,11,85,11],[40,0,40,2],[40,8,40,10],[42,0,61,0],[66,0,85,0],[66,1,85,1],[66,2,85,2],[42,1,61,1],[18,9,37,9],[18,10,37,10],[18,11,37,11],[18,0,37,0],[18,1,37,1],[18,2,37,2],[18,3,37,3],[66,6,85,6],[66,14,85,14],[42,2,61,2],[64,0,64,2],[40,3,40,6],[40,11,40,14],[64,3,64,6],[64,11,64,14],[42,10,61,10],[42,11,61,11],[42,3,61,3],[42,8,61,8],[42,9,61,9],[64,8,64,10],[42,14,61,14],[42,6,61,6]]}
["Training Provider TOID",null,{"$f":"IF(General!B4 >0, General!B4, \"\")","v":""},null,null,null,null,null,null,null,null,null,"Total requested commencements (auto-calculated)",null,{"$f":"D19+L19+D43+L43+D67+L67","v":0}]
["Subcontractor ABN",null,{"$f":"IF(General!F5 >0, General!F5, \"\")","v":""}]
[]
["Note that Training Providers may not subcontract more than 40% of their Commencement Allocation, up to a maximum of 1,000 commencements.  Also note that individual subcontractors may provide training/assessment to a maximum of 200 Skills First subsidised commencements across all Training Providers per year (i.e. 200 aggregate). This commencement limit on individual subcontractors extends to all Related Entities of a subcontractor as discussed in the Fact Sheet: 'Subcontracting of Training and Assessment: 2020 request for approval'.\n\nAs such, the total number of commencements sought via this application form must not exceed 200. Where arrangements with a particular subcontractor are sought at an individual Training Provider or across multiple Training Providers in excess of this 200 commencement limit, the Department will determine at its sole discretion how many commencements (if any) are approved at a particular Training Provider and/or subcontractor."]
[]
[]
[]
[]
[]
[]
[]
[]
[]
[]
[null,null,null,null,null,null,1,null,null,null,null,null,null,null,1]
["Course 1",null,null,null,null,null,null,null,"Course 2"]
["How is the delivery limited? MUST CHOOSE ONE OPTION ------------------->",null,null,"Please select",null,null,null,null,"How is the delivery limited? MUST CHOOSE ONE OPTION ------------------->",null,null,"Please select"]
["Course Code","Course Name","Enrolment Type","Requested commencements in 2020 (this is a strict limit, not a guide)","If shared delivery list units to be deliverered by RTO (unit code)","If shared delivery list units to be delivered by subcontractor (unit code)","If regional delivery list postcode",null,"Course Code","Course Name","Enrolment Type","Requested commencements in 2020 (this is a strict limit, not a guide)","If shared delivery list units to be deliverered by RTO (unit code)","If shared delivery list units to be delivered by subcontractor (unit code)","If regional delivery list postcode"]
[null,{"$f":"IF(A19<>\"\", VLOOKUP(A19,'Funded Course List (Do not use)'!A1:B925,2,FALSE),\"\")","v":""},null,null,null,null,null,null,null,{"$f":"IF(I19<>\"\", VLOOKUP(I19,'Funded Course List (Do not use)'!A1:B925,2,FALSE),\"\")","v":""}]
[null,null,null,null,null,null,null,null,null,null,null,null,null,null,null,null,null,null,null,null,null,null,null,null,null,null,null,null,null,null,null,null,"Column1"]
[null,null,null,null,null,null,null,null,null,null,null,null,null,null,null,null,null,null,null,null,null,null,null,null,null,null,null,null,null,null,null,null,"Please select"]
[null,null,null,null,null,null,null,null,null,null,null,null,null,null,null,null,null,null,null,null,null,null,null,null,null,null,null,null,null,null,null,null,"Shared delivery - some units delivered by RTO and some by Subcontractor - list unit breakdown below"]
[null,null,null,null,null,null,null,null,null,null,null,null,null,null,null,null,null,null,null,null,null,null,null,null,null,null,null,null,null,null,null,null,"Region - subcontractor delivers entire program in a specific region - list postcode below"]
[null,null,null,null,null,null,null,null,null,null,null,null,null,null,null,null,null,null,null,null,null,null,null,null,null,null,null,null,null,null,null,null,"Other - other limitation (provide details in Criterion 2 tab)"]
[]
[]
[]
[]
[]
[]
[]
[]
[]
[]
[]
[]
[]
[]
[null,null,null,null,null,null,1,null,null,null,null,null,null,null,1]
["Course 3",null,null,null,null,null,null,null,"Course 4"]
["How is the delivery limited? MUST CHOOSE ONE OPTION ------------------->",null,null,"Please select",null,null,null,null,"How is the delivery limited? MUST CHOOSE ONE OPTION ------------------->",null,null,"Please select"]
["Course Code","Course Name","Enrolment Type","Requested commencements in 2020 (this is a strict limit, not a guide)","If shared delivery list units to be deliverered by RTO (unit code)","If shared delivery list units to be delivered by subcontractor (unit code)","If regional delivery list postcode",null,"Course Code","Course Name","Enrolment Type","Requested commencements in 2020 (this is a strict limit, not a guide)","If shared delivery list units to be deliverered by RTO (unit code)","If shared delivery list units to be delivered by subcontractor (unit code)","If regional delivery list postcode"]
[null,{"$f":"IF(A43<>\"\", VLOOKUP(A43,'Funded Course List (Do not use)'!A1:B925,2,FALSE),\"\")","v":""},null,null,null,null,null,null,null,{"$f":"IF(I43<>\"\", VLOOKUP(I43,'Funded Course List (Do not use)'!A1:B925,2,FALSE),\"\")","v":""}]
[]
[]
[]
[]
[]
[]
[]
[]
[]
[]
[]
[]
[]
[]
[]
[]
[]
[]
[]
[null,null,null,null,null,null,1,null,null,null,null,null,null,null,2]
["Course 5",null,null,null,null,null,null,null,"Course 6"]
["How is the delivery limited? MUST CHOOSE ONE OPTION ------------------->",null,null,"Please select",null,null,null,null,"How is the delivery limited? MUST CHOOSE ONE OPTION ------------------->",null,null,"Please select"]
["Course Code","Course Name","Enrolment Type","Requested commencements in 2020 (this is a strict limit, not a guide)","If shared delivery list units to be deliverered by RTO (unit code)","If shared delivery list units to be delivered by subcontractor (unit code)","If regional delivery list postcode",null,"Course Code","Course Name","Enrolment Type","Requested commencements in 2020 (this is a strict limit, not a guide)","If shared delivery list units to be deliverered by RTO (unit code)","If shared delivery list units to be delivered by subcontractor (unit code)","If regional delivery list postcode"]
[null,{"$f":"IF(A67<>\"\", VLOOKUP(A67,'Funded Course List (Do not use)'!A1:B925,2,FALSE),\"\")","v":""},null,null,null,null,null,null,null,{"$f":"IF(I67<>\"\", VLOOKUP(I67,'Funded Course List (Do not use)'!A1:B925,2,FALSE),\"\")","v":""}]

{"sheet":"Validation (Do not use)","index":6,"n_rows":11,"n_cols":4,"rows_kept":11,"cut":false,"hidden":true,"merged":[]}
[]
["Yes","X",null,"Non-apprenticeship/traineeship"]
["No",null,null,"Traineeship"]
[null,null,null,"Apprenticeship"]
[]
[]
[]
[null,null,null,"Please select"]
[null,null,null,"Shared delivery - some units delivered by RTO and some by Subcontractor - list unit breakdown below"]
[null,null,null,"Region - subcontractor delivers entire program in a specific region - list postcode below"]
[null,null,null,"Other - other limitation (provide details in Criterion 2 tab)"]

{"sheet":"Funded Course List (Do not use)","index":7,"n_rows":813,"n_cols":2,"rows_kept":813,"cut":false,"hidden":true,"merged":[]}
["10064NAT","Diploma of Fashion Styling"]
["10190NAT","Certificate III in Learning an Endangered Aboriginal Language"]
["10191NAT","Certificate IV in Teaching an Endangered Aboriginal Language"]
["10614NAT","Diploma of Wine Technology"]
["10678NAT","Advanced Diploma of Professional Screenwriting"]
["10695NAT","Certificate IV in TESOL (Teaching English to Speakers of Other Languages)"]
["10702NAT","Advanced Diploma of Professional Game Development"]
["10725NAT","Course in Preliminary Spoken and Written English"]
["10727NAT","Certificate I in Spoken and Written English"]
["10728NAT","Certificate II in Spoken and Written English"]
["10729NAT","Certificate III in Spoken and Written English"]
["10730NAT","Certificate IV in Spoken and Written English for Further Study"]
["22272VIC","Course in Pyrometric Requirements for Thermal Processing"]
["22273VIC","Diploma of Agronomy"]
["22274VIC","Certificate IV in Clinical Classification"]
["22276VIC","Advanced Diploma of Legal Practice"]
["22277VIC","Course in Aboriginal Hospital Liaison Officer (Acute Health Setting)"]
["22279VIC","Advanced Diploma of International Business"]
["22283VIC","Advanced Diploma of Business (Public Relations)"]
["22284VIC","Diploma of Business (Public Relations)"]
["22285VIC","Certificate II in Signage and Graphics"]
["22290VIC","Diploma of Equine Podiotherapy"]
["22293VIC","Certificate I in Initial Adult Literacy and Numeracy"]
["22294VIC","Course in Initial Adult Literacy and Numeracy"]
["22298VIC","Course in Basic Oxygen Administration"]
["22300VIC","Course in First Aid Management of Anaphylaxis"]
["22301VIC","Certificate I in Transition Education"]
["22302VIC","Certificate I in Work Education"]
["22303VIC","Course in Verifying the Correct Use of Adrenaline Autoinjector Devices"]
["22304VIC","Certificate II in Plumbing (Pre-apprenticeship)"]
["22306VIC","Certificate IV in Musical Instrument Making and Repair"]
["22312VIC","Course in the Use of Carbon Fibre in Composite Manufacturing"]
["22313VIC","Certificate IV in Tertiary Preparation"]
["22315VIC","Diploma of Theatre Arts"]
["22316VIC","Advanced Diploma of Myotherapy"]
["22317VIC","Certificate IV in Liberal Arts"]
["22319VIC","Course in Supported Playgroup Facilitation"]
["22320VIC","Diploma of Justice"]
["22321VIC","Advanced Diploma of Justice"]
["22324VIC","Certificate IV in Electrical Inspection"]
["22325VIC","Course in Workplace Spotting for Service Assets"]
["22329VIC","Course in Heating, Ventilation and Air Conditioning Services"]
["22331VIC","Certificate IV in Landscape Design"]
["22333VIC","Certificate I in Developing Independence"]
["22334VIC","Certificate IV in Cyber Security"]
["22338VIC","Certificate II in Building and Construction Pre-apprenticeship"]
["22339VIC","Certificate II in Greengrocery"]
["22340VIC","Certificate III in Greengrocery"]
["22441VIC","Certificate III in Science"]
["22442VIC","Certificate IV in Science"]
["22445VIC","Advanced Diploma of Cyber Security"]
["22446VIC","Diploma of Product Design"]
["22447VIC","Certificate I in Mumgu-dhal tyama-tiyt"]
["22448VIC","Certificate II in Mumgu-dhal tyama-tiyt"]
["22449VIC","Certificate III in Mumgu-dhal tyama-tiyt"]
["22450VIC","Course in Pharmaceutical Manufacturing Principles"]
["22451VIC","Diploma of Teacher Education Preparation"]
["22453VIC","Course in New Energy Technology Systems"]
["22458VIC","Diploma of Railway Signalling Systems"]
["22460VIC","Diploma of Applied Technologies"]
["22461VIC","Course in Fusion Welding to ISO 9606 for Transition Workers"]
["22462VIC","Course in Fusion Welding to ISO 9606 for Experienced Welders"]
["22464VIC","Certificate II in Ecology"]
["22465VIC","Certificate III in Ecology"]
["22466VIC","Diploma of Ecology"]
["22467VIC","Course in Transport and Logistics Employment Pathway"]
["22468VIC","Course in Civil Construction Pathway"]
["22469VIC","Course in Introduction to the National Disability Insurance Scheme"]
["22470VIC","Certificate II in Engineering Studies"]
["22471VIC","Course in Initial General Education for Adults"]
["22472VIC","Certificate I in General Education for Adults"]
["22473VIC","Certificate II in General Education for Adults"]
["22474VIC","Certificate III in General Education for Adults"]
["22476VIC","Certificate I in General Education for Adults (Introductory)"]
["22477VIC","Advanced Diploma of Building Design (Architectural)"]
["22478VIC","Diploma of Engineering Technology"]
["22479VIC","Advanced Diploma of Engineering Technology"]
["22480VIC","Certificate II in Small Business (Operations/Innovation)"]
["22481VIC","Certificate II in Work Education"]
["22482VIC","Course in Initial EAL"]
["22483VIC","Course in EAL"]
["22484VIC","Certificate I in EAL (Access)"]
["22485VIC","Certificate II in EAL (Access)"]
["22486VIC","Certificate III in EAL (Access)"]
["22487VIC","Certificate IV in EAL (Access)"]
["22488VIC","Certificate II in EAL (Employment)"]
["22489VIC","Certificate III in EAL (Employment)"]
["22490VIC","Certificate IV in EAL (Employment / Professional)"]
["22491VIC","Certificate III in EAL (Further Study)"]
["22492VIC","Certificate IV in EAL (Further Study)"]
["22499VIC","Certificate II in Electrotechnology (Pre-vocational)"]
["22503VIC","Course in Providing Support to People Using Ventilators and C-PAP Machines"]
["22505VIC","Course in Multi-disciplinary Design"]
["22509VIC","Diploma of Electrotechnology Project Management"]
["22510VIC","Course in Identifying and Responding to Family Violence Risk"]
["22512VIC","Course in Policing Recruitment Pathway"]
["22513VIC","Certificate III in Equine Studies"]
["22516VIC","Course in Minimising Risks in the Use of 1080 & PAPP Bait Products for Vertebrate Pest Control"]
["22519VIC","Certificate IV in Integrated Technologies"]
["22520VIC","Course in Skylight Installation and Repair"]
["52722WA","Certificate IV in Health Science Foundations"]
["ACM20117","Certificate II in Animal Studies"]
["ACM20217","Certificate II in Horse Care"]
["ACM30117","Certificate III in Animal Studies"]
["ACM30217","Certificate III in Animal Technology"]
["ACM30317","Certificate III in Captive Animals"]
["ACM30417","Certificate III in Companion Animal Services"]
["ACM30617","Certificate III in Pet Grooming"]
["ACM30717","Certificate III in Horse Breeding"]
["ACM30817","Certificate III in Performance Horse"]
["ACM40117","Certificate IV in Animal Control and Regulation"]
["ACM40317","Certificate IV in Companion Animal Services"]
["ACM40418","Certificate IV in Veterinary Nursing"]
["ACM40617","Certificate IV in Pet Styling"]
["ACM40717","Certificate IV in Horse Breeding"]
["ACM40818","Certificate IV in Farriery"]
["ACM50117","Diploma of Animal Technology"]
["ACM50317","Diploma of Horse Stud Management"]
["ACM50412","Diploma of Veterinary Nursing (Emergency and Critical Care)"]
["ACM50512","Diploma of Veterinary Nursing (General Practice)"]
["AHC20116","Certificate II in Agriculture"]
["AHC20316","Certificate II in Production Horticulture"]
["AHC20416","Certificate II in Horticulture"]
["AHC20516","Certificate II in Arboriculture"]
["AHC20616","Certificate II in Parks and Gardens"]
["AHC20716","Certificate II in Production Nursery"]
["AHC20916","Certificate II in Sports Turf Management"]
["AHC21016","Certificate II in Conservation and Land Management"]
["AHC21216","Certificate II in Rural Operations"]
["AHC21316","Certificate II in Shearing"]
["AHC21416","Certificate II in Wool Handling"]
["AHC21616","Certificate II in Landscaping"]
["AHC30116","Certificate III in Agriculture"]
["AHC30216","Certificate III in Agriculture (Dairy Production)"]
["AHC30416","Certificate III in Pork Production"]
["AHC30516","Certificate III in Poultry Production"]
["AHC30616","Certificate III in Production Horticulture"]
["AHC30716","Certificate III in Horticulture"]
["AHC30816","Certificate III in Arboriculture"]
["AHC30916","Certificate III in Landscape Construction"]
["AHC31016","Certificate III in Parks and Gardens"]
["AHC31116","Certificate III in Production Nursery"]
["AHC31216","Certificate III in Retail Nursery"]
["AHC31316","Certificate III in Sports Turf Management"]
["AHC31416","Certificate III in Conservation and Land Management"]
["AHC31716","Certificate III in Natural Area Restoration"]
["AHC32016","Certificate III in Beekeeping"]
["AHC32216","Certificate III in Commercial Composting"]
["AHC32416","Certificate III in Irrigation"]
["AHC32816","Certificate III in Rural Operations"]
["AHC32916","Certificate III in Shearing"]
["AHC33016","Certificate III in Wool Clip Preparation"]
["AHC33116","Certificate III in Advanced Wool Handling"]
["AHC40116","Certificate IV in Agriculture"]
["AHC40316","Certificate IV in Production Horticulture"]
["AHC40416","Certificate IV in Horticulture"]
["AHC40916","Certificate IV in Conservation and Land Management"]
["AHC41016","Certificate IV in Agribusiness"]
["AHC41116","Certificate IV in Irrigation"]
["AHC41316","Certificate IV in Wool Classing"]
["AHC41916","Certificate IV in Arboriculture"]
["AHC50116","Diploma of Agriculture"]
["AHC50316","Diploma of Production Horticulture"]
["AHC50416","Diploma of Horticulture"]
["AHC50516","Diploma of Arboriculture"]
["AHC50616","Diploma of Landscape Design"]
["AHC51016","Diploma of Sports Turf Management"]
["AHC51116","Diploma of Conservation and Land Management"]
["AHC51516","Diploma of Viticulture"]
["AHC60316","Advanced Diploma of Agribusiness Management"]
["AHC60516","Advanced Diploma of Arboriculture"]
["AMP20117","Certificate II in Meat Processing (Food Services)"]
["AMP20316","Certificate II in Meat Processing (Abattoirs)"]
["AMP20415","Certificate II in Meat Processing (Meat Retailing)"]
["AMP30116","Certificate III in Meat Processing (Boning Room)"]
["AMP30216","Certificate III in Meat Processing (Food Services)"]
["AMP30316","Certificate III in Meat Processing (Meat Safety)"]
["AMP30416","Certificate III in Meat Processing (Rendering)"]
["AMP30516","Certificate III in Meat Processing (Slaughtering)"]
["AMP30616","Certificate III in Meat Processing (General)"]
["AMP30716","Certificate III in Meat Processing (Quality Assurance)"]
["AMP30815","Certificate III in Meat Processing (Retail Butcher)"]
["AMP30916","Certificate III in Meat Processing (Smallgoods - General)"]
["AMP31016","Certificate III in Meat Processing (Smallgoods - Manufacture)"]
["AMP40315","Certificate IV in Meat Processing (Leadership)"]
["AMP40415","Certificate IV in Meat Processing (Quality Assurance)"]
["AMP40516","Certificate IV in Meat Processing (Meat Safety)"]
["AUM30218","Certificate III in Automotive Manufacturing Technical Operations - Bus, Truck and Trailer"]
["AUR20218","Certificate II in Automotive Air Conditioning Technology"]
["AUR20316","Certificate II in Bicycle Mechanical Technology"]
["AUR20516","Certificate II in Automotive Servicing Technology"]
["AUR20716","Certificate II in Automotive Vocational Preparation"]
["AUR20916","Certificate II in Automotive Body Repair Technology"]
["AUR21016","Certificate II in Motor Sport Technology"]
["AUR21916","Certificate II in Automotive Tyre Servicing Technology"]
["AUR30316","Certificate III in Automotive Electrical Technology"]
["AUR30416","Certificate III in Agricultural Mechanical Technology"]
["AUR30516","Certificate III in Marine Mechanical Technology"]
["AUR30616","Certificate III in Light Vehicle Mechanical Technology"]
["AUR30716","Certificate III in Outdoor Power Equipment Technology"]
["AUR30816","Certificate III in Motorcycle Mechanical Technology"]
["AUR30916","Certificate III in Motor Sport Technology"]
["AUR31016","Certificate III in Automotive Sales"]
["AUR31116","Certificate III in Heavy Commercial Vehicle Mechanical Technology"]
["AUR31216","Certificate III in Mobile Plant Technology"]
["AUR31316","Certificate III in Automotive Engine Reconditioning"]
["AUR31516","Certificate III in Automotive Diesel Engine Technology"]
["AUR31616","Certificate III in Automotive Drivetrain Technology"]
["AUR31716","Certificate III in Forklift Technology"]
["AUR31816","Certificate III in Heavy Commercial Trailer Technology"]
["AUR31916","Certificate III in Elevating Work Platform Technology"]
["AUR32116","Certificate III in Automotive Body Repair Technology"]
["AUR32216","Certificate III in Automotive Glazing Technology"]
["AUR32316","Certificate III in Automotive and Marine Trimming Technology"]
["AUR32416","Certificate III in Automotive Refinishing Technology"]
["AUR32516","Certificate III in Automotive Underbody Technology"]
["AUR40116","Certificate IV in Automotive Management"]
["AUR40216","Certificate IV in Automotive Mechanical Diagnosis"]
["AUR40316","Certificate IV in Motor Sport Technology"]
["AUR40416","Certificate IV in Automotive Performance Enhancement"]
["AUR40616","Certificate IV in Automotive Electrical Technology"]
["AUR40816","Certificate IV in Automotive Mechanical Overhauling"]
["AUR50116","Diploma of Automotive Management"]
["AVI30116","Certificate III in Aviation (Cabin Crew)"]
["AVI50215","Diploma of Aviation (Commercial Pilot Licence - Aeroplane)"]
["AVI50415","Diploma of Aviation (Instrument Rating)"]
["BSB20115","Certificate II in Business"]
["BSB30115","Certificate III in Business"]
["BSB30215","Certificate III in Customer Engagement"]
["BSB30315","Certificate III in Micro Business Operations"]
["BSB30415","Certificate III in Business Administration"]
["BSB30715","Certificate III in Work Health and Safety"]
["BSB30915","Certificate III in Business Administration (Education)"]
["BSB31015","Certificate III in Business Administration (Legal)"]
["BSB31115","Certificate III in Business Administration (Medical)"]
["BSB31215","Certificate III in Library and Information Services"]
["BSB40215","Certificate IV in Business"]
["BSB40315","Certificate IV in Customer Engagement"]
["BSB40515","Certificate IV in Business Administration"]
["BSB40615","Certificate IV in Business Sales"]
["BSB41015","Certificate IV in Human Resources"]
["BSB41115","Certificate IV in International Trade"]
["BSB41415","Certificate IV in Work Health and Safety"]
["BSB41515","Certificate IV in Project Management Practice"]
["BSB42015","Certificate IV in Leadership and Management"]
["BSB42115","Certificate IV in Library and Information Services"]
["BSB42215","Certificate IV in Legal Services"]
["BSB42415","Certificate IV in Marketing and Communication"]
["BSB42518","Certificate IV in Small Business Management"]
["BSB42618","Certificate IV in New Small Business"]
["BSB50215","Diploma of Business"]
["BSB50415","Diploma of Business Administration"]
["BSB50618","Diploma of Human Resources Management"]
["BSB50815","Diploma of International Business"]
["BSB51315","Diploma of Work Health and Safety"]
["BSB51415","Diploma of Project Management"]
["BSB51615","Diploma of Quality Auditing"]
["BSB51918","Diploma of Leadership and Management"]
["BSB52015","Diploma of Conveyancing"]
["BSB52115","Diploma of Library and Information Services"]
["BSB52215","Diploma of Legal Services"]
["BSB52415","Diploma of Marketing and Communication"]
["BSB60215","Advanced Diploma of Business"]
["BSB60615","Advanced Diploma of Work Health and Safety"]
["BSB60915","Advanced Diploma of Management (Human Resources)"]
["BSB61015","Advanced Diploma of Leadership and Management"]
["BSB61115","Advanced Diploma of Conveyancing"]
["BSB61315","Advanced Diploma of Marketing and Communication"]
["CHC22015","Certificate II in Community Services"]
["CHC30113","Certificate III in Early Childhood Education and Care"]
["CHC30213","Certificate III in Education Support"]
["CHC32015","Certificate III in Community Services"]
["CHC33015","Certificate III in Individual Support"]
["CHC34015","Certificate III in Active Volunteering"]
["CHC40113","Certificate IV in School Age Education and Care"]
["CHC40213","Certificate IV in Education Support"]
["CHC40313","Certificate IV in Child, Youth and Family Intervention"]
["CHC40413","Certificate IV in Youth Work"]
["CHC40513","Certificate IV in Youth Justice"]
["CHC41015","Certificate IV in Celebrancy"]
["CHC41115","Certificate IV in Employment Services"]
["CHC41215","Certificate IV in Career Development"]
["CHC42015","Certificate IV in Community Services"]
["CHC42115","Certificate IV in Community Development"]
["CHC42215","Certificate IV in Social Housing"]
["CHC42315","Certificate IV in Chaplaincy and Pastoral Care"]
["CHC43015","Certificate IV in Ageing Support"]
["CHC43115","Certificate IV in Disability"]
["CHC43215","Certificate IV in Alcohol and Other Drugs"]
["CHC43315","Certificate IV in Mental Health"]
["CHC43415","Certificate IV in Leisure and Health"]
["CHC43515","Certificate IV in Mental Health Peer Work"]
["CHC50113","Diploma of Early Childhood Education and Care"]
["CHC50213","Diploma of School Age Education and Care"]
["CHC50313","Diploma of Child, Youth and Family Intervention"]
["CHC50413","Diploma of Youth Work"]
["CHC50513","Diploma of Youth Justice"]
["CHC51015","Diploma of Counselling"]
["CHC51115","Diploma of Financial Counselling"]
["CHC52015","Diploma of Community Services"]
["CHC52115","Diploma of Community Development"]
["CHC53215","Diploma of Alcohol and Other Drugs"]
["CHC53315","Diploma of Mental Health"]
["CHC53415","Diploma of Leisure and Health"]
["CHC62015","Advanced Diploma of Community Sector Management"]
["CHC81015","Graduate Diploma of Relationship Counselling"]
["CHC81115","Graduate Diploma of Family Dispute Resolution"]
["CHC81215","Graduate Certificate in Statutory Child Protection"]
["CHC81315","Graduate Certificate in Career Development Practice"]
["CHC82015","Graduate Certificate in Client Assessment and Case Management"]
["CPC20211","Certificate II in Construction Pathways"]
["CPC20712","Certificate II in Drainage"]
["CPC30111","Certificate III in Bricklaying/Blocklaying"]
["CPC30116","Certificate III in Shopfitting"]
["CPC30211","Certificate III in Carpentry"]
["CPC30216","Certificate III in Signs and Graphics"]
["CPC30313","Certificate III in Concreting"]
["CPC30318","Certificate III in Concreting"]
["CPC30413","Certificate III in Demolition"]
["CPC30511","Certificate III in Dogging"]
["CPC30611","Certificate III in Painting and Decorating"]
["CPC30711","Certificate III in Rigging"]
["CPC30812","Certificate III in Roof Tiling"]
["CPC30911","Certificate III in Scaffolding"]
["CPC31011","Certificate III in Solid Plastering"]
["CPC31211","Certificate III in Wall and Ceiling Lining"]
["CPC31311","Certificate III in Wall and Floor Tiling"]
["CPC31411","Certificate III in Construction Waterproofing"]
["CPC31511","Certificate III in Formwork/Falsework"]
["CPC31611","Certificate III in Paving"]
["CPC31912","Certificate III in Joinery"]
["CPC32011","Certificate III in Carpentry and Joinery"]
["CPC32313","Certificate III in Stonemasonry (Monumental/Installation)"]
["CPC32413","Certificate III in Plumbing"]
["CPC32813","Certificate III in Fire Protection"]
["CPC40110","Certificate IV in Building and Construction (Building)"]
["CPC40208","Certificate IV in Building and Construction (Contract Administration)"]
["CPC40308","Certificate IV in Building and Construction (Estimating)"]
["CPC40508","Certificate IV in Building and Construction (Site Management)"]
["CPC40611","Certificate IV in Building and Construction (Specialist Trades)"]
["CPC40912","Certificate IV in Plumbing and Services"]
["CPC50210","Diploma of Building and Construction (Building)"]
["CPC50308","Diploma of Building and Construction (Management)"]
["CPC50509","Diploma of Fire Systems Design"]
["CPC50612","Diploma of Hydraulic Services Design"]
["CPC60115","Advanced Diploma of Building Surveying"]
["CPP20212","Certificate II in Security Operations"]
["CPP20617","Certificate II in Cleaning"]
["CPP30115","Certificate III in Urban Pest Management"]
["CPP30316","Certificate III in Cleaning Operations"]
["CPP30411","Certificate III in Security Operations"]
["CPP30507","Certificate III in Technical Security"]
["CPP30607","Certificate III in Investigative Services"]
["CPP40216","Certificate IV in Surveying"]
["CPP40307","Certificate IV in Property Services (Real Estate)"]
["CPP40416","Certificate IV in Cleaning Management"]
["CPP40516","Certificate IV in Strata Community Management"]
["CPP40707","Certificate IV in Security and Risk Management"]
["CPP41212","Certificate IV in NatHERS Assessment"]
["CPP50116","Diploma of Surveying"]
["CPP50511","Diploma of Property Services (Asset and Facility Management)"]
["CPP50611","Diploma of Security and Risk Management"]
["CPP60116","Advanced Diploma of Surveying"]
["CSC20115","Certificate II in Justice Services"]
["CSC30115","Certificate III in Correctional Practice"]
["CSC40115","Certificate IV in Correctional Practice"]
["CSC50115","Diploma of Correctional Administration"]
["CSC60115","Advanced Diploma of Correctional Management"]
["CUA20113","Certificate II in Dance"]
["CUA20215","Certificate II in Creative Industries"]
["CUA20415","Certificate II in Aboriginal and Torres Strait Islander Cultural Arts"]
["CUA20615","Certificate II in Music Industry"]
["CUA20715","Certificate II in Visual Arts"]
["CUA30113","Certificate III in Dance"]
["CUA30213","Certificate III in Community Dance, Theatre and Events"]
["CUA30415","Certificate III in Live Production and Services"]
["CUA30515","Certificate III in Aboriginal and Torres Strait Islander Cultural Arts"]
["CUA30715","Certificate III in Design Fundamentals"]
["CUA30915","Certificate III in Music Industry"]
["CUA31015","Certificate III in Screen and Media"]
["CUA31115","Certificate III in Visual Arts"]
["CUA40113","Certificate IV in Dance"]
["CUA40118","Certificate IV in Professional Writing and Editing"]
["CUA40313","Certificate IV in Dance Teaching and Management"]
["CUA40415","Certificate IV in Live Production and Technical Services"]
["CUA40513","Certificate IV in Musical Theatre"]
["CUA40615","Certificate IV in Aboriginal and Torres Strait Islander Cultural Arts"]
["CUA40715","Certificate IV in Design"]
["CUA40915","Certificate IV in Music Industry"]
["CUA41115","Certificate IV in Photography and Photo Imaging"]
["CUA41215","Certificate IV in Screen and Media"]
["CUA41315","Certificate IV in Visual Arts"]
["CUA50113","Diploma of Dance (Elite Performance)"]
["CUA50118","Diploma of Professional Writing and Editing"]
["CUA50213","Diploma of Musical Theatre"]
["CUA50415","Diploma of Live Production and Technical Services"]
["CUA50715","Diploma of Graphic Design"]
["CUA50815","Diploma of Music Industry"]
["CUA50915","Diploma of Photography and Photo Imaging"]
["CUA51015","Diploma of Screen and Media"]
["CUA51115","Diploma of Visual Arts"]
["CUA60113","Advanced Diploma of Dance (Elite Performance)"]
["CUA60213","Advanced Diploma of Live Production and Management Services"]
["CUA60315","Advanced Diploma of Graphic Design"]
["CUA60415","Advanced Diploma of Creative Product Development"]
["CUA60515","Advanced Diploma of Music Industry"]
["CUA60615","Advanced Diploma of Screen and Media"]
["CUA60715","Advanced Diploma of Visual Arts"]
["FBP10117","Certificate I in Food Processing"]
["FBP20117","Certificate II in Food Processing"]
["FBP20217","Certificate II in Baking"]
["FBP30117","Certificate III in Food Processing"]
["FBP30217","Certificate III in Plant Baking"]
["FBP30317","Certificate III in Cake and Pastry"]
["FBP30417","Certificate III in Bread Baking"]
["FBP30517","Certificate III in Baking"]
["FBP30617","Certificate III in Food Processing (Sales)"]
["FBP30818","Certificate III in Pharmaceutical Manufacturing"]
["FBP30918","Certificate III in Wine Industry Operations"]
["FBP40217","Certificate IV in Baking"]
["FBP40318","Certificate IV in Food Processing"]
["FBP40418","Certificate IV in Food Science and Technology"]
["FBP50118","Diploma of Food Science and Technology"]
["FDF30210","Certificate III in Pharmaceutical Manufacturing"]
["FDF30411","Certificate III in Wine Industry Operations"]
["FDF40110","Certificate IV in Food Processing"]
["FDF40311","Certificate IV in Food Science and Technology"]
["FNS30115","Certificate III in Financial Services"]
["FNS30317","Certificate III in Accounts Administration"]
["FNS40217","Certificate IV in Accounting and Bookkeeping"]
["FNS40815","Certificate IV in Finance and Mortgage Broking"]
["FNS41815","Certificate IV in Financial Services"]
["FNS42015","Certificate IV in Banking Services"]
["FNS50217","Diploma of Accounting"]
["FNS50315","Diploma of Finance and Mortgage Broking Management"]
["FNS50417","Diploma of Payroll Services"]
["FNS50615","Diploma of Financial Planning"]
["FNS51815","Diploma of Financial Services"]
["FNS60217","Advanced Diploma of Accounting"]
["FNS60415","Advanced Diploma of Financial Planning"]
["FSK10113","Certificate I in Access to Vocational Pathways"]
["FSK10213","Certificate I in Skills for Vocational Pathways"]
["FSK20113","Certificate II in Skills for Work and Vocational Pathways"]
["FWP20116","Certificate II in Forest Growing and Management"]
["FWP20216","Certificate II in Harvesting and Haulage"]
["FWP20316","Certificate II in Sawmilling and Processing"]
["FWP20616","Certificate II in Timber Merchandising"]
["FWP30116","Certificate III in Forest Growing and Management"]
["FWP30216","Certificate III in Harvesting and Haulage"]
["FWP30316","Certificate III in Sawmilling and Processing"]
["FWP30516","Certificate III in Timber Manufactured Products"]
["FWP30616","Certificate III in Timber Merchandising"]
["FWP30716","Certificate III in Sawdoctoring"]
["FWP30816","Certificate III in Woodmachining"]
["FWP30916","Certificate III in Timber Truss and Frame Design and Manufacture"]
["FWP40116","Certificate IV in Forest Operations"]
["FWP40216","Certificate IV in Timber Processing"]
["FWP40316","Certificate IV in Timber Truss and Frame Manufacture"]
["FWP40416","Certificate IV in Timber Truss and Frame Design"]
["FWP50116","Diploma of Forest and Forest Products"]
["HLT20113","Certificate II in Aboriginal and/or Torres Strait Islander Primary Health Care"]
["HLT23215","Certificate II in Health Support Services"]
["HLT30113","Certificate III in Aboriginal and/or Torres Strait Islander Primary Health Care"]
["HLT31115","Certificate III in Non-Emergency Patient Transport"]
["HLT33015","Certificate III in Allied Health Assistance"]
["HLT33115","Certificate III in Health Services Assistance"]
["HLT33215","Certificate III in Health Support Services"]
["HLT35015","Certificate III in Dental Assisting"]
["HLT35115","Certificate III in Dental Laboratory Assisting"]
["HLT37015","Certificate III in Sterilisation Services"]
["HLT37115","Certificate III in Hospital/Health Services Pharmacy Support"]
["HLT37215","Certificate III in Pathology Collection"]
["HLT37315","Certificate III in Health Administration"]
["HLT37415","Certificate III in Pathology Assistance"]
["HLT40113","Certificate IV in Aboriginal and/or Torres Strait Islander Primary Health Care"]
["HLT40213","Certificate IV in Aboriginal and/or Torres Strait Islander Primary Health Care Practice"]
["HLT41115","Certificate IV in Health Care"]
["HLT42015","Certificate IV in Massage Therapy"]
["HLT43015","Certificate IV in Allied Health Assistance"]
["HLT45015","Certificate IV in Dental Assisting"]
["HLT47015","Certificate IV in Sterilisation Services"]
["HLT47115","Certificate IV in Hospital/Health Services Pharmacy Support"]
["HLT47315","Certificate IV in Health Administration"]
["HLT47515","Certificate IV in Operating Theatre Technical Support"]
["HLT47815","Certificate IV in Optical Dispensing"]
["HLT50113","Diploma of Aboriginal and/or Torres Strait Islander Primary Health Care"]
["HLT50213","Diploma of Aboriginal and/or Torres Strait Islander Primary Health Care Practice"]
["HLT51015","Diploma of Paramedical Science"]
["HLT52015","Diploma of Remedial Massage"]
["HLT54115","Diploma of Nursing"]
["HLT55118","Diploma of Dental Technology"]
["HLT57715","Diploma of Practice Management"]
["HLT60113","Advanced Diploma of Aboriginal and/or Torres Strait Islander Health Care"]
["HLT64115","Advanced Diploma of Nursing"]
["HLT65015","Advanced Diploma of Dental Prosthetics"]
["ICP20115","Certificate II in Printing and Graphic Arts (General)"]
["ICP31215","Certificate III in Printing"]
["ICP31315","Certificate III in Print Manufacturing"]
["ICP31415","Certificate III in Print Communications"]
["ICP50115","Diploma of Printing and Graphic Arts"]
["ICT20115","Certificate II in Information, Digital Media and Technology"]
["ICT20215","Certificate II in Telecommunications Network Build and Operate"]
["ICT20315","Certificate II in Telecommunications Technology"]
["ICT30115","Certificate III in Information, Digital Media and Technology"]
["ICT30118","Certificate III in Information, Digital Media and Technology"]
["ICT30415","Certificate III in Telecommunications Network Build and Operate"]
["ICT30515","Certificate III in Telecommunications Technology"]
["ICT40115","Certificate IV in Information Technology"]
["ICT40118","Certificate IV in Information Technology"]
["ICT40215","Certificate IV in Information Technology Support"]
["ICT40315","Certificate IV in Web-Based Technologies"]
["ICT40415","Certificate IV in Information Technology Networking"]
["ICT40418","Certificate IV in Information Technology Networking"]
["ICT40515","Certificate IV in Programming"]
["ICT40518","Certificate IV in Programming"]
["ICT40815","Certificate IV in Digital Media Technologies"]
["ICT40915","Certificate IV in Digital and Interactive Games"]
["ICT41015","Certificate IV in Computer Systems Technology"]
["ICT41215","Certificate IV in Telecommunications Engineering Technology"]
["ICT50115","Diploma of Information Technology"]
["ICT50118","Diploma of Information Technology"]
["ICT50215","Diploma of Digital and Interactive Games"]
["ICT50315","Diploma of Information Technology Systems Administration"]
["ICT50318","Diploma of Information Technology Systems Administration"]
["ICT50415","Diploma of Information Technology Networking"]
["ICT50418","Diploma of Information Technology Networking"]
["ICT50615","Diploma of Website Development"]
["ICT50715","Diploma of Software Development"]
["ICT50718","Diploma of Software Development"]
["ICT50915","Diploma of Digital Media Technologies"]
["ICT60115","Advanced Diploma of Information Technology"]
["ICT60215","Advanced Diploma of Network Security"]
["ICT60515","Advanced Diploma of Computer Systems Technology"]
["LGA30304","Certificate III in Local Government (Operational Works)"]
["LGA40404","Certificate IV in Local Government (Operational Works)"]
["LNSUPPORT","Literacy and Numeracy Support"]
["MAR10418","Certificate I in Maritime Operations (Coxswain Grade 2 Near Coastal)"]
["MAR20318","Certificate II in Maritime Operations (Coxswain Grade 1 Near Coastal)"]
["MAR20418","Certificate II in Maritime Operations (Marine Engine Driver Grade 3 Near Coastal)"]
["MAR30818","Certificate III in Maritime Operations (Marine Engine Driver Grade 2 Near Coastal)"]
["MAR30918","Certificate III in Maritime Operations (Master up to 24 metres Near Coastal)"]
["MAR31018","Certificate III in Maritime Operations (Master Inland Waters)"]
["MAR40618","Certificate IV in Maritime Operations (Master up to 35 metres Near Coastal)"]
["MEA20418","Certificate II in Aeroskills"]
["MEA20518","Certificate II in Aircraft Line Maintenance"]
["MEA40618","Certificate IV in Aeroskills (Avionics)"]
["MEA40718","Certificate IV in Aeroskills (Mechanical)"]
["MEA40918","Certificate IV in Aircraft Surface Finishing"]
["MEA41318","Certificate IV in Aeroskills (Structures)"]
["MEA50118","Diploma of Aeroskills (Avionics)"]
["MEA50218","Diploma of Aeroskills (Mechanical)"]
["MEM20105","Certificate II in Engineering"]
["MEM20205","Certificate II in Engineering - Production Technology"]
["MEM20413","Certificate II in Engineering Pathways"]
["MEM30105","Certificate III in Engineering - Production Systems"]
["MEM30205","Certificate III in Engineering - Mechanical Trade"]
["MEM30305","Certificate III in Engineering - Fabrication Trade"]
["MEM30405","Certificate III in Engineering - Electrical/Electronic Trade"]
["MEM30505","Certificate III in Engineering - Technical"]
["MEM30605","Certificate III in Jewellery Manufacture"]
["MEM30705","Certificate III in Marine Craft Construction"]
["MEM30805","Certificate III in Locksmithing"]
["MEM31010","Certificate III in Watch and Clock Service and Repair"]
["MEM31112","Certificate III in Engineering - Composites Trade"]
["MEM40105","Certificate IV in Engineering"]
["MEM40412","Certificate IV in Engineering Drafting"]
["MEM50105","Diploma of Engineering - Advanced Trade"]
["MEM50212","Diploma of Engineering - Technical"]
["MEM50311","Diploma of Jewellery and Object Design"]
["MEM60112","Advanced Diploma of Engineering"]
["MEM60211","Advanced Diploma of Jewellery and Object Design"]
["MSF20113","Certificate II in Furnishing"]
["MSF20213","Certificate II in Furniture Finishing"]
["MSF20313","Certificate II in Furniture Making"]
["MSF20413","Certificate II in Glass and Glazing"]
["MSF20516","Certificate II in Furniture Making Pathways"]
["MSF30113","Certificate III in Furniture Finishing"]
["MSF30213","Certificate III in Furniture Making"]
["MSF30313","Certificate III in Timber and Composites Machining"]
["MSF30413","Certificate III in Glass and Glazing"]
["MSF30418","Certificate III in Glass and Glazing"]
["MSF30513","Certificate III in Picture Framing"]
["MSF30713","Certificate III in Upholstery"]
["MSF30813","Certificate III in Flooring Technology"]
["MSF30913","Certificate III in Blinds, Awnings, Security Screens and Grilles"]
["MSF31113","Certificate III in Cabinet Making"]
["MSF40118","Certificate IV in Interior Decoration"]
["MSF40213","Certificate IV in Furniture Design and Technology"]
["MSF40313","Certificate IV in Design of Kitchens, Bathrooms and Interior Spaces"]
["MSF40318","Certificate IV in Kitchen and Bathroom Design"]
["MSF40418","Certificate IV in Glass and Glazing"]
["MSF50218","Diploma of Interior Design"]
["MSF50313","Diploma of Furniture Design and Technology"]
["MSF60118","Advanced Diploma of Interior Design"]
["MSL30118","Certificate III in Laboratory Skills"]
["MSL40118","Certificate IV in Laboratory Techniques"]
["MSL50118","Diploma of Laboratory Technology"]
["MSM30216","Certificate III in Surface Preparation and Coating Application"]
["MSM30318","Certificate III in Manufactured Mineral Products"]
["MSM31015","Certificate III in Recreational Vehicle Service and Repair"]
["MSM31115","Certificate III in Recreational Vehicle Manufacturing"]
["MSM40116","Certificate IV in Process Manufacturing"]
["MSS20316","Certificate II in Competitive Systems and Practices"]
["MSS30316","Certificate III in Competitive Systems and Practices"]
["MSS40316","Certificate IV in Competitive Systems and Practices"]
["MSS50316","Diploma of Competitive Systems and Practices"]
["MSS60316","Advanced Diploma of Competitive Systems and Practices"]
["MST20616","Certificate II in Applied Fashion Design and Technology"]
["MST30116","Certificate III in Clothing and Textile Production"]
["MST30616","Certificate III in Laundry Operations"]
["MST30716","Certificate III in Dry Cleaning Operations"]
["MST30816","Certificate III in Applied Fashion Design and Technology"]
["MST40116","Certificate IV in Textile Design, Development and Production"]
["MST40216","Certificate IV in Clothing Production"]
["MST40316","Certificate IV in Custom-Made Footwear"]
["MST40416","Certificate IV in Millinery"]
["MST40516","Certificate IV in Applied Fashion Design and Merchandising"]
["MST50116","Diploma of Applied Fashion Design and Merchandising"]
["MST60116","Advanced Diploma of Applied Fashion Design and Merchandising"]
["MST60216","Advanced Diploma of Textile Design and Development"]
["NWP20115","Certificate II in Water Industry Operations"]
["NWP30215","Certificate III in Water Industry Operations"]
["NWP30315","Certificate III in Water Industry Treatment"]
["NWP30415","Certificate III in Water Industry Irrigation"]
["NWP40515","Certificate IV in Water Industry Operations"]
["NWP40615","Certificate IV in Water Industry Treatment"]
["PMA30116","Certificate III in Process Plant Operations"]
["PMA40116","Certificate IV in Process Plant Technology"]
["PMC30116","Certificate III in Manufactured Mineral Products"]
["PPM20116","Certificate II in Pulping Operations"]
["PPM20216","Certificate II in Papermaking Operations"]
["PPM30116","Certificate III in Pulping Operations"]
["PPM30216","Certificate III in Papermaking Operations"]
["PPM40116","Certificate IV in Pulping Operations"]
["PPM40216","Certificate IV in Papermaking Operations"]
["PSP20218","Certificate II in Auslan"]
["PSP30116","Certificate III in Government"]
["PSP30218","Certificate III in Auslan"]
["PSP40116","Certificate IV in Government"]
["PSP40216","Certificate IV in Court Operations"]
["PSP40416","Certificate IV in Government Investigations"]
["PSP40818","Certificate IV in Auslan"]
["PSP50216","Diploma of Court Operations"]
["PSP50316","Diploma of Government Security"]
["PSP50816","Diploma of Translating"]
["PSP50916","Diploma of Interpreting (LOTE-English)"]
["PSP51018","Diploma of Auslan"]
["PSP60816","Advanced Diploma of Translating"]
["PSP60916","Advanced Diploma of Interpreting (LOTE-English)"]
["PUA30613","Certificate III in Public Safety (Firefighting and Emergency Operations)"]
["RGR10118","Certificate I in Racing (Stablehand)"]
["RGR20218","Certificate II in Racing Industry"]
["RGR30218","Certificate III in Racing (Stablehand)"]
["RGR30318","Certificate III in Racing (Driving Stablehand)"]
["RGR30418","Certificate III in Racing Services"]
["RGR30518","Certificate III in Racing (Trackwork Rider)"]
["RGR40118","Certificate IV in Racing (Racehorse Trainer)"]
["RGR40218","Certificate IV in Racing (Jockey)"]
["RGR40318","Certificate IV in Racing (Harness Race Driver)"]
["RII20715","Certificate II in Civil Construction"]
["RII30115","Certificate III in Surface Extraction Operations"]
["RII30815","Certificate III in Civil Construction Plant Operations"]
["RII30915","Certificate III in Civil Construction"]
["RII40115","Certificate IV in Surface Extraction Operations"]
["RII40615","Certificate IV in Civil Construction Operations"]
["RII40715","Certificate IV in Civil Construction Supervision"]
["RII40815","Certificate IV in Civil Construction Design"]
["RII50115","Diploma of Surface Operations Management"]
["RII50515","Diploma of Civil Construction Design"]
["RII60515","Advanced Diploma of Civil Construction Design"]
["SFI20111","Certificate II in Aquaculture"]
["SFI30111","Certificate III in Aquaculture"]
["SFI30611","Certificate III in Seafood Industry (Sales and Distribution)"]
["SFL20115","Certificate II in Floristry (Assistant)"]
["SFL30115","Certificate III in Floristry"]
["SFL40115","Certificate IV in Floristry"]
["SFL50115","Diploma of Floristry Design"]
["SHB20116","Certificate II in Retail Cosmetics"]
["SHB20216","Certificate II in Salon Assistant"]
["SHB30115","Certificate III in Beauty Services"]
["SHB30215","Certificate III in Make-Up"]
["SHB30315","Certificate III in Nail Technology"]
["SHB30416","Certificate III in Hairdressing"]
["SHB30516","Certificate III in Barbering"]
["SHB40115","Certificate IV in Beauty Therapy"]
["SHB40216","Certificate IV in Hairdressing"]
["SHB50115","Diploma of Beauty Therapy"]
["SHB50216","Diploma of Salon Management"]
["SIF30213","Certificate III in Gravedigging, Grounds and Maintenance"]
["SIR20116","Certificate II in Community Pharmacy"]
["SIR20216","Certificate II in Retail Services"]
["SIR30116","Certificate III in Community Pharmacy"]
["SIR30216","Certificate III in Retail"]
["SIR30316","Certificate III in Business to Business Sales"]
["SIR40116","Certificate IV in Community Pharmacy"]
["SIR40216","Certificate IV in Community Pharmacy Dispensary"]
["SIR40316","Certificate IV in Retail Management"]
["SIR50217","Diploma of Visual Merchandising"]
["SIR50317","Diploma of Retail Merchandise Management"]
["SIS30115","Certificate III in Sport and Recreation"]
["SIS30315","Certificate III in Fitness"]
["SIS30413","Certificate III in Outdoor Recreation"]
["SIS30613","Certificate III in Sport Career Oriented Participation"]
["SIS30713","Certificate III in Sport Coaching"]
["SIS31015","Certificate III in Aquatics and Community Recreation"]
["SIS40115","Certificate IV in Sport and Recreation"]
["SIS40215","Certificate IV in Fitness"]
["SIS40313","Certificate IV in Outdoor Recreation"]
["SIS40612","Certificate IV in Sport Development"]
["SIS50115","Diploma of Sport and Recreation Management"]
["SIS50215","Diploma of Fitness"]
["SIS50310","Diploma of Outdoor Recreation"]
["SIS50612","Diploma of Sport Development"]
["SIT20116","Certificate II in Tourism"]
["SIT20316","Certificate II in Hospitality"]
["SIT20416","Certificate II in Kitchen Operations"]
["SIT30116","Certificate III in Tourism"]
["SIT30216","Certificate III in Travel"]
["SIT30316","Certificate III in Guiding"]
["SIT30416","Certificate III in Holiday Parks and Resorts"]
["SIT30516","Certificate III in Events"]
["SIT30616","Certificate III in Hospitality"]
["SIT30716","Certificate III in Hospitality (Restaurant Front of House)"]
["SIT30816","Certificate III in Commercial Cookery"]
["SIT30916","Certificate III in Catering Operations"]
["SIT31016","Certificate III in Patisserie"]
["SIT31116","Certificate III in Asian Cookery"]
["SIT40116","Certificate IV in Travel and Tourism"]
["SIT40216","Certificate IV in Guiding"]
["SIT40316","Certificate IV in Holiday Parks and Resorts"]
["SIT40416","Certificate IV in Hospitality"]
["SIT40516","Certificate IV in Commercial Cookery"]
["SIT40716","Certificate IV in Patisserie"]
["SIT50116","Diploma of Travel and Tourism Management"]
["SIT50216","Diploma of Holiday Park and Resort Management"]
["SIT50316","Diploma of Event Management"]
["SIT50416","Diploma of Hospitality Management"]
["SIT60116","Advanced Diploma of Travel and Tourism Management"]
["SIT60216","Advanced Diploma of Event Management"]
["SIT60316","Advanced Diploma of Hospitality Management"]
["TAE40116","Certificate IV in Training and Assessment"]
["TAE50116","Diploma of Vocational Education and Training"]
["TAE50216","Diploma of Training Design and Development"]
["TAE80113","Graduate Diploma of Adult Language, Literacy and Numeracy Practice"]
["TLI21315","Certificate II in Rail Infrastructure"]
["TLI21616","Certificate II in Warehousing Operations"]
["TLI30118","Certificate III in Mobile Crane Operations"]
["TLI31216","Certificate III in Driving Operations"]
["TLI31316","Certificate III in International Freight Forwarding (Operator)"]
["TLI31616","Certificate III in Warehousing Operations"]
["TLI32416","Certificate III in Logistics"]
["TLI32515","Certificate III in Rail Infrastructure"]
["TLI33115","Certificate III in Rail Customer Service"]
["TLI40218","Certificate IV in Mobile Crane Operations"]
["TLI41218","Certificate IV in Transport and Logistics (Road Transport - Car Driving Instruction)"]
["TLI41318","Certificate IV in Transport and Logistics (Road Transport - Heavy Vehicle Driving Instruction)"]
["TLI41816","Certificate IV in Warehousing Operations"]
["TLI42016","Certificate IV in Logistics"]
["TLI42116","Certificate IV in Driving Operations"]
["TLI42615","Certificate IV in Train Driving"]
["TLI50415","Diploma of Logistics"]
["UEE20111","Certificate II in Split Air-conditioning and Heat Pump Systems"]
["UEE20511","Certificate II in Computer Assembly and Repair"]
["UEE20711","Certificate II in Data and Voice Communications"]
["UEE21911","Certificate II in Electronics"]
["UEE22011","Certificate II in Electrotechnology (Career Start)"]
["UEE30111","Certificate III in Business Equipment"]
["UEE30411","Certificate III in Data and Voice Communications"]
["UEE30611","Certificate III in Electrical Machine Repair"]
["UEE30811","Certificate III in Electrotechnology Electrician"]
["UEE30911","Certificate III in Electronics and Communications"]
["UEE31211","Certificate III in Instrumentation and Control"]
["UEE31411","Certificate III in Security Equipment"]
["UEE32111","Certificate III in Appliance Service"]
["UEE32211","Certificate III in Air-conditioning and Refrigeration"]
["UEE33011","Certificate III in Electrical Fitting"]
["UEE40111","Certificate IV in Computer Systems"]
["UEE40411","Certificate IV in Electrical - Instrumentation"]
["UEE40611","Certificate IV in Electrotechnology - Systems Electrician"]
["UEE40711","Certificate IV in Electronics and Communications"]
["UEE41011","Certificate IV in Energy Management and Control"]
["UEE41611","Certificate IV in Renewable Energy"]
["UEE42011","Certificate IV in Electrical - Photovoltaic systems"]
["UEE42111","Certificate IV in Electrotechnology - Electrical Contracting"]
["UEE42211","Certificate IV in Instrumentation and Control"]
["UEE42911","Certificate IV in Refrigeration and Air-conditioning Systems"]
["UEE43211","Certificate IV in Industrial Automation and Control"]
["UEE50511","Diploma of Electronics and Communications Engineering"]
["UEE51211","Diploma of Air-conditioning and Refrigeration Engineering"]
["UEE60211","Advanced Diploma of Electronics and Communications Engineering"]
["UEE60411","Advanced Diploma of Computer Systems Engineering"]
["UEE62111","Advanced Diploma of Engineering Technology - Electrical"]
["UEG20118","Certificate II in Gas Supply Industry Operations"]
["UEG30118","Certificate III in Gas Supply Industry Operations"]
["UEG40118","Certificate IV in Gas Supply Industry Operations"]
["UET20312","Certificate II in ESI - Powerline Vegetation Control"]
["UET20612","Certificate II in ESI - Asset Inspection"]
["UET30512","Certificate III in ESI - Power Systems - Transmission Overhead"]
["UET30612","Certificate III in ESI - Power Systems - Distribution Overhead"]
["UET30712","Certificate III in ESI - Power Systems - Rail Traction"]
["UET30812","Certificate III in ESI - Power Systems - Distribution Cable Jointing"]
["UET60212","Advanced Diploma of ESI - Power Systems"]
["VCALFND001","VCAL - Victorian Certificate of Applied Learning (Foundation)"]
["VCALINT001","VCAL - Victorian Certificate of Applied Learning (Intermediate)"]
["VCALSEN001","VCAL - Victorian Certificate of Applied Learning (Senior)"]
["VCE0000001","VCE - Victorian Certificate of Education"]
["22496VIC","Course in Design and Installation of Grid Connected Renewable Energy Systems 30kVA to 200kVA"]
["22515VIC","Course in Working Safely in the Solar Industry"]
["CPP51119","Diploma of Property (Agency Management)"]
["NEW10110NAT","Certificate III in Circus Arts"]
["NEW10111NAT","Certificate IV in Circus Arts"]
["NEW22280VIC","Certificate I in Employment Pathways"]
["NEW22282VIC","Course in the Management of Asthma Risks and Emergencies in the Workplace"]

{"sheet":"Sheet1","index":8,"n_rows":5,"n_cols":1,"rows_kept":5,"cut":false,"hidden":true,"merged":[]}
["Column1"]
["Please select"]
["Shared delivery - some units delivered by RTO and some by Subcontractor - list unit breakdown below"]
["Region - subcontractor delivers entire program in a specific region - list postcode below"]
["Other - other limitation (provide details in Criterion 2 tab)"]